9 composite?
False
Is 156008472227 a composite number?
False
Is 1950413233 a prime number?
False
Is 23891909603 composite?
True
Is 160283467 composite?
False
Is 195302488613 prime?
False
Is 3643967 a composite number?
True
Is 10579325683 a composite number?
False
Is 3708936307 a prime number?
True
Is 4823261917 composite?
False
Is 4897520533 a composite number?
True
Is 22482218677 composite?
True
Is 2688464887 a composite number?
False
Is 628404923 a prime number?
True
Is 24931581733 prime?
True
Is 2810239771 composite?
False
Is 1489556515 a prime number?
False
Is 869742703 a composite number?
False
Is 12058401673 prime?
True
Is 1447372585 a composite number?
True
Is 860371777 composite?
False
Is 55740568469 a prime number?
True
Is 477410755 prime?
False
Is 636540613 a prime number?
True
Is 8399273477 a prime number?
False
Is 255750956987 prime?
False
Is 8187619339 a composite number?
True
Is 1535979043 a composite number?
True
Is 3285407669 composite?
True
Is 64255523 a prime number?
False
Is 2538656693 composite?
False
Is 6277496047 prime?
False
Is 207545323 a composite number?
False
Is 5088687091 a composite number?
False
Is 13290711097 a prime number?
True
Is 10733894123 composite?
False
Is 173647555651 prime?
False
Is 9731646739 prime?
True
Is 1767140061 a prime number?
False
Is 3352226711 a prime number?
False
Is 528162763 prime?
False
Is 1715988569 a composite number?
False
Is 6988128535 a prime number?
False
Is 43449352519 a composite number?
True
Is 6859951313 a composite number?
False
Is 101440035143 prime?
False
Is 170223311 a prime number?
True
Is 222184914799 composite?
False
Is 4055356657 composite?
True
Is 47557553 composite?
False
Is 364279631 composite?
False
Is 2636336687 prime?
False
Is 71034156857 prime?
True
Is 22900087 a prime number?
False
Is 1659210067 a prime number?
True
Is 57961923799 prime?
False
Is 9105118285 composite?
True
Is 21572845201 prime?
True
Is 399125107 a composite number?
False
Is 723759238 a prime number?
False
Is 199978609 composite?
True
Is 10490070027 composite?
True
Is 45637703 a composite number?
False
Is 160718249 prime?
True
Is 23840811199 composite?
True
Is 2818888577 a prime number?
True
Is 34603133 a composite number?
True
Is 31479591329 prime?
True
Is 2631223117 a composite number?
False
Is 3309524263 a prime number?
False
Is 5831889589 a prime number?
False
Is 3507501203 composite?
False
Is 7091829527 a prime number?
True
Is 69331047451 a composite number?
True
Is 53418737521 prime?
False
Is 407200751 a prime number?
False
Is 6199553 a prime number?
True
Is 45211541563 composite?
True
Is 2547077719 composite?
False
Is 20229630013 composite?
True
Is 4485158635 composite?
True
Is 65654365762 a composite number?
True
Is 987562991 a composite number?
True
Is 36723781 a prime number?
False
Is 133041869549 a composite number?
False
Is 20372228609 a prime number?
True
Is 199241177 a prime number?
False
Is 794879881 composite?
False
Is 3990608327 a prime number?
False
Is 3270517673 prime?
True
Is 4637384963 a composite number?
False
Is 2184560143 a composite number?
True
Is 49075465 prime?
False
Is 38157285911 a prime number?
False
Is 39278123503 prime?
False
Is 161412379 a prime number?
True
Is 54774151 composite?
True
Is 3245464949 a composite number?
True
Is 71131519889 composite?
False
Is 19256527 composite?
False
Is 22875691361 a prime number?
True
Is 1471762959 a prime number?
False
Is 45288297839 a composite number?
True
Is 51378529 composite?
False
Is 28813226219 a prime number?
False
Is 242578048877 a prime number?
False
Is 25186141 composite?
False
Is 1455874807 composite?
False
Is 43959932846 a composite number?
True
Is 1960307827 a prime number?
False
Is 37313659 a prime number?
False
Is 489336307 prime?
True
Is 881769143 composite?
True
Is 28710040661 a composite number?
True
Is 941744929 composite?
False
Is 1094838119 composite?
True
Is 6685629239 a composite number?
False
Is 542860211 a prime number?
True
Is 12639527 a composite number?
False
Is 40495880129 composite?
True
Is 51861225187 a composite number?
False
Is 2750414057 prime?
False
Is 502271711 prime?
True
Is 140716957157 prime?
False
Is 11302137773 a composite number?
False
Is 816896491 a prime number?
True
Is 9583166599 a prime number?
True
Is 68601337751 a composite number?
False
Is 608736733 prime?
False
Is 1301364937 composite?
True
Is 2205090203 a composite number?
False
Is 34679560471 a composite number?
True
Is 756325247 composite?
False
Is 14918523203 a composite number?
True
Is 105620189 a prime number?
True
Is 12258029153 prime?
False
Is 1528871153 a composite number?
True
Is 47111255347 composite?
True
Is 60098991041 a prime number?
True
Is 38341495 prime?
False
Is 371323093 composite?
False
Is 664251953 composite?
False
Is 771181826 a composite number?
True
Is 44952502641 prime?
False
Is 216780323 composite?
True
Is 6192191553 prime?
False
Is 7516249723 prime?
True
Is 3341927221 composite?
False
Is 15845327417 prime?
False
Is 41381133023 composite?
False
Is 909495833 prime?
True
Is 5481952493 a composite number?
False
Is 490345859 prime?
False
Is 152418725841 composite?
True
Is 18451208185 composite?
True
Is 1469740109 a composite number?
False
Is 2838496319 a prime number?
True
Is 22441073 a composite number?
False
Is 4567150457 composite?
True
Is 8596445323 a prime number?
False
Is 91323277 composite?
True
Is 5948023577 a composite number?
False
Is 9388961651 composite?
False
Is 4207802987 a prime number?
False
Is 502350697 composite?
True
Is 6827422493 prime?
True
Is 6203660641 a prime number?
True
Is 20055521 composite?
True
Is 20558762431 a composite number?
True
Is 4699155257 composite?
False
Is 479180711 a composite number?
True
Is 648412811 prime?
True
Is 2741700527 a prime number?
True
Is 359831917 a prime number?
False
Is 375768709 a composite number?
False
Is 6187150231 a prime number?
False
Is 4971882631 a composite number?
False
Is 217931599 a prime number?
True
Is 5193684131 prime?
False
Is 10598313809 a prime number?
False
Is 52987940921 composite?
True
Is 161861657 composite?
True
Is 7183253479 prime?
True
Is 1267385159 prime?
True
Is 26056141711 a prime number?
False
Is 876531277 composite?
True
Is 18538231171 prime?
True
Is 2973936097 a prime number?
False
Is 4979996117 composite?
False
Is 1235665787 a prime number?
False
Is 14158998977 composite?
True
Is 643334323 composite?
False
Is 69915364507 prime?
True
Is 548163494 composite?
True
Is 35766259 prime?
False
Is 58691138043 a prime number?
False
Is 7811554241 composite?
False
Is 1421838967 a prime number?
True
Is 168907885 prime?
False
Is 140500129443 a prime number?
False
Is 9305561767 a composite number?
True
Is 224215259 a prime number?
False
Is 4519987759 a composite number?
True
Is 913388131 prime?
True
Is 5503579283 prime?
False
Is 3328001717 prime?
False
Is 101600927 composite?
True
Is 5014779161 a prime number?
False
Is 677252483 prime?
False
Is 1325335339 a composite number?
False
Is 10959338803 composite?
True
Is 1120627793 prime?
False
Is 16348316969 a composite number?
False
Is 15366262669 a composite number?
True
Is 53844263 a composite number?
True
Is 873072589 a composite number?
False
Is 16832001605 composite?
True
Is 1278905114 a prime number?
False
Is 304617869 a composite number?
True
Is 2681263529 a prime number?
False
Is 35461100299 a prime number?
False
Is 4413185349 prime?
False
Is 479753441 a composite number?
True
Is 12101539423 a composite number?
False
Is 189581341 composite?
True
Is 424940561 composite?
False
Is 870635333 a composite number?
True
Is 424437179 composite?
False
Is 2372283637 a composite number?
True
Is 1575335609 prime?
False
Is 9785117 a composite number?
True
Is 14600333897 a prime number?
True
Is 645411434 a prime number?
False
Is 129860501 composite?
True
Is 109601440859 composite?
False
Is 2240581541 composite?
True
Is 588861103 prime?
True
Is 49617091906 composite?
True
Is 11772329749 a prime number?
True
Is 52320050999 a prime number?
False
Is 2592895 composite?
True
Is 24130792931 a composite number?
True
Is 1164161189 prime?
False
Is 1311496513 a composite number?
False
Is 9084510119 composite?
False
Is 9909131849 a prime number?
False
Is 12031533167 a prime number?
True
Is 3334257061 pr